ors of 2317?
7, 331
What are the prime factors of 318?
2, 3, 53
What are the prime factors of 28560?
2, 3, 5, 7, 17
List the prime factors of 35004.
2, 3, 2917
List the prime factors of 2030.
2, 5, 7, 29
What are the prime factors of 28358?
2, 11, 1289
What are the prime factors of 1935?
3, 5, 43
List the prime factors of 632.
2, 79
What are the prime factors of 69939?
3, 19, 409
What are the prime factors of 141?
3, 47
What are the prime factors of 3596?
2, 29, 31
What are the prime factors of 29575?
5, 7, 13
What are the prime factors of 1579?
1579
List the prime factors of 3171.
3, 7, 151
List the prime factors of 1272.
2, 3, 53
List the prime factors of 3833.
3833
What are the prime factors of 26202?
2, 3, 11, 397
List the prime factors of 3983.
7, 569
List the prime factors of 75551.
7, 43, 251
What are the prime factors of 5206?
2, 19, 137
What are the prime factors of 7032?
2, 3, 293
What are the prime factors of 3575?
5, 11, 13
What are the prime factors of 2907?
3, 17, 19
What are the prime factors of 607?
607
List the prime factors of 25099.
19, 1321
List the prime factors of 1768.
2, 13, 17
List the prime factors of 15286.
2, 7643
List the prime factors of 3402.
2, 3, 7
List the prime factors of 28585.
5, 5717
What are the prime factors of 3977?
41, 97
List the prime factors of 36941.
17, 41, 53
List the prime factors of 1649.
17, 97
What are the prime factors of 17393?
17393
List the prime factors of 14100.
2, 3, 5, 47
What are the prime factors of 89734?
2, 44867
What are the prime factors of 41664?
2, 3, 7, 31
List the prime factors of 10650.
2, 3, 5, 71
List the prime factors of 33180.
2, 3, 5, 7, 79
What are the prime factors of 36931?
36931
List the prime factors of 23799.
3, 7933
List the prime factors of 876.
2, 3, 73
List the prime factors of 17673.
3, 43, 137
List the prime factors of 20996.
2, 29, 181
List the prime factors of 7110.
2, 3, 5, 79
List the prime factors of 15748.
2, 31, 127
List the prime factors of 703.
19, 37
What are the prime factors of 2102?
2, 1051
What are the prime factors of 2320?
2, 5, 29
List the prime factors of 81816.
2, 3, 7, 487
What are the prime factors of 8496?
2, 3, 59
List the prime factors of 7822.
2, 3911
What are the prime factors of 5157?
3, 191
What are the prime factors of 2023?
7, 17
List the prime factors of 649.
11, 59
List the prime factors of 462.
2, 3, 7, 11
What are the prime factors of 18299?
29, 631
List the prime factors of 19099.
71, 269
List the prime factors of 2846.
2, 1423
List the prime factors of 382.
2, 191
List the prime factors of 103.
103
What are the prime factors of 2232?
2, 3, 31
List the prime factors of 867.
3, 17
What are the prime factors of 12857?
13, 23, 43
List the prime factors of 1548.
2, 3, 43
List the prime factors of 1557.
3, 173
List the prime factors of 170233.
7, 83, 293
List the prime factors of 15904.
2, 7, 71
List the prime factors of 5829.
3, 29, 67
List the prime factors of 1209.
3, 13, 31
What are the prime factors of 74810?
2, 5, 7481
List the prime factors of 934.
2, 467
What are the prime factors of 1647?
3, 61
What are the prime factors of 30868?
2, 7717
What are the prime factors of 30581?
53, 577
List the prime factors of 95622.
2, 3, 15937
List the prime factors of 126.
2, 3, 7
What are the prime factors of 4530?
2, 3, 5, 151
List the prime factors of 6264.
2, 3, 29
List the prime factors of 598.
2, 13, 23
What are the prime factors of 9764?
2, 2441
List the prime factors of 75078.
2, 3, 43, 97
List the prime factors of 2395.
5, 479
List the prime factors of 1092.
2, 3, 7, 13
What are the prime factors of 349?
349
What are the prime factors of 2279?
43, 53
What are the prime factors of 66683?
66683
What are the prime factors of 17152?
2, 67
What are the prime factors of 24?
2, 3
List the prime factors of 12052.
2, 23, 131
What are the prime factors of 19240?
2, 5, 13, 37
List the prime factors of 3058.
2, 11, 139
List the prime factors of 4536.
2, 3, 7
What are the prime factors of 1517?
37, 41
What are the prime factors of 897?
3, 13, 23
List the prime factors of 62529.
3, 19, 1097
List the prime factors of 506.
2, 11, 23
List the prime factors of 472.
2, 59
What are the prime factors of 94074?
2, 3, 15679
List the prime factors of 16770.
2, 3, 5, 13, 43
What are the prime factors of 1906?
2, 953
What are the prime factors of 611?
13, 47
What are the prime factors of 12545?
5, 13, 193
List the prime factors of 4505.
5, 17, 53
What are the prime factors of 95504?
2, 47, 127
List the prime factors of 3085.
5, 617
What are the prime factors of 14454?
2, 3, 11, 73
List the prime factors of 851.
23, 37
What are the prime factors of 2809?
53
What are the prime factors of 33986?
2, 16993
List the prime factors of 9123.
3, 3041
What are the prime factors of 42411?
3, 67, 211
What are the prime factors of 1928?
2, 241
What are the prime factors of 146000?
2, 5, 73
List the prime factors of 5518.
2, 31, 89
List the prime factors of 215.
5, 43
List the prime factors of 51736.
2, 29, 223
List the prime factors of 2202.
2, 3, 367
What are the prime factors of 83417?
83417
List the prime factors of 16500.
2, 3, 5, 11
What are the prime factors of 731?
17, 43
List the prime factors of 733.
733
What are the prime factors of 5786?
2, 11, 263
List the prime factors of 2404.
2, 601
List the prime factors of 17107.
17107
What are the prime factors of 32060?
2, 5, 7, 229
List the prime factors of 421.
421
What are the prime factors of 7115?
5, 1423
List the prime factors of 94653.
3, 13, 809
What are the prime factors of 1689?
3, 563
List the prime factors of 13479.
3, 4493
What are the prime factors of 1052?
2, 263
List the prime factors of 1623.
3, 541
What are the prime factors of 1896?
2, 3, 79
List the prime factors of 355.
5, 71
List the prime factors of 3760.
2, 5, 47
What are the prime factors of 4486?
2, 2243
What are the prime factors of 6731?
53, 127
List the prime factors of 6104.
2, 7, 109
What are the prime factors of 16404?
2, 3, 1367
List the prime factors of 2099.
2099
What are the prime factors of 103151?
19, 61, 89
List the prime factors of 78564.
2, 3, 6547
List the prime factors of 6911.
6911
List the prime factors of 1249.
1249
List the prime factors of 41235.
3, 5, 2749
List the prime factors of 5916.
2, 3, 17, 29
What are the prime factors of 2311?
2311
What are the prime factors of 45045?
3, 5, 7, 11, 13
What are the prime factors of 1616?
2, 101
What are the prime factors of 56700?
2, 3, 5, 7
List the prime factors of 22998.
2, 3, 3833
What are the prime factors of 55657?
7, 7951
What are the prime factors of 19084?
2, 13, 367
List the prime factors of 629.
17, 37
What are the prime factors of 10532?
2, 2633
List the prime factors of 1616.
2, 101
List the prime factors of 2440.
2, 5, 61
List the prime factors of 3549.
3, 7, 13
What are the prime factors of 74946?
2, 3, 12491
What are the prime factors of 15674?
2, 17, 461
List the prime factors of 21014.
2, 7, 19, 79
What are the prime factors of 93365?
5, 71, 263
List the prime factors of 34185.
3, 5, 43, 53
List the prime factors of 147057.
3, 49019
List the prime factors of 1231.
1231
List the prime factors of 44576.
2, 7, 199
What are the prime factors of 208?
2, 13
What are the prime factors of 1084?
2, 271
List the prime factors of 35316.
2, 3, 109
List the prime factors of 1846.
2, 13, 71
List the prime factors of 32654.
2, 29, 563
What are the prime factors of 16140?
2, 3, 5, 269
What are the prime factors of 8985?
3, 5, 599
List the prime factors of 2292.
2, 3, 191
List the prime factors of 641.
641
What are the prime factors of 16060?
2, 5, 11, 73
What are the prime factors of 59122?
2, 7, 41, 103
What are the prime factors of 1599?
3, 13, 41
What are the prime factors of 3957?
3, 1319
What are the prime factors of 65740?
2, 5, 19, 173
What are the prime factors of 9392?
2, 587
What are the prime factors of 1657?
1657
List the prime factors of 65023.
7, 1327
List the prime factors of 4797.
3, 13, 41
What are the prime factors of 27343?
37, 739
What are the prime factors of 52178?
2, 7, 3727
What are the prime factors of 154560?
2, 3, 5, 7, 23
List the prime factors of 14393.
37, 389
What are the prime factors of 25929?
3, 43, 67
List the prime factors of 1956.
